ive n(7).
-2
Let h(w) = 3*w + 2. Let u be h(6). Let q be 12/u - (-2)/5. Let g(r) = 5. Let d(x) = -x - 6. Let s(f) = 4*d(f) + 5*g(f). Give s(q).
-3
Let n(z) = -z**2 - 9*z - 12. Let v be n(-9). Let s = 9 + v. Let i(d) = d**2 + d - 1. Determine i(s).
5
Suppose 9*c = 8*c. Let k(m) = m**3 + m**2 + m - 10. Give k(c).
-10
Let w(f) be the third derivative of 0 - 1/12*f**4 - 1/20*f**5 + 2*f**2 + 0*f + 1/6*f**3. Suppose 0 = 2*b - 4*s + 2, b = 2*s - 7*s + 6. Calculate w(b).
-4
Let x(l) be the second derivative of -l**4/12 + 7*l**3/6 + 9*l**2/2 - 28*l. Give x(8).
1
Let w(k) be the third derivative of -k**4/24 + k**3/6 + k**2. Suppose -2*u - 3 = 3. What is w(u)?
4
Suppose -2*p - 3 = -5*p. Let x = p - -2. Let s(v) = -v. Calculate s(x).
-3
Let d(p) = -p**3 - 7*p**2 - 6*p - 6. Let x be ((-1)/1)/(68/(-24) + 3). Calculate d(x).
-6
Let c(n) = -17*n - 4. Suppose b = -0*b - 7. Let w(a) = 11*a + 3. Let z(x) = b*w(x) - 5*c(x). Give z(2).
15
Let o be (1 - 2)*1 + 1. Let y = 1 + o. Let a(i) = 2 + 2 - 5 + 13*i. Give a(y).
12
Let i(n) = 5*n**2 - 2*n - 3. Let r(j) = 7*j**2 - j - 2. Let u(m) = 3*i(m) - 2*r(m). Give u(8).
27
Let s(i) = -i**2 + i + 1. Let f be s(-1). Let r be f/(4/48*-3). Let q(h) be the third derivative of -h**4/12 - 2*h**3/3 + h**2. Determine q(r).
-12
Let c be 3/1 - (-346)/(-120). Let s(m) be the third derivative of -c*m**5 - m**2 + 0*m**4 + 0*m + 0*m**3 + 0. Determine s(1).
-7
Let l(f) be the second derivative of f**4/12 - f**3/3 + 26*f. Determine l(-2).
8
Let y(a) = a + 2. Suppose 0 = -4*i - 10 - 2. What is y(i)?
-1
Let m(w) = -w - 5. Let r(p) = -p**2 - 14*p - 16. Let x be r(-13). Let q = -3 - x. What is m(q)?
-5
Suppose -k = 5*w - 11, 2*w + 4*k = 10 - 2. Let i = w - 0. Let o(y) = y - y**i + y - y. Calculate o(3).
-6
Let v(m) = -3*m**3 + 1 + 1 + 2*m**3 + 0*m**3 - 2*m**2 + 2*m. What is v(-4)?
26
Let s(z) = -z**3 + 7*z**2 + 2*z - 10. Suppose 7*x - 6 = 43. Determine s(x).
4
Let q(h) be the third derivative of -h**6/60 + h**5/60 + h**4/24 + 10*h**2. Give q(-1).
2
Let z(s) = -s - 1. Suppose -w = 0, -10 = 3*t + 4*w + 8. Calculate z(t).
5
Let p = 6 - -2. Let s = 11 - p. Let r(i) = i**3 - 4*i**2 + i + 2. What is r(s)?
-4
Let r(g) = 5*g - 1 - 77*g**3 + 146*g**3 + 0 - 6*g**2 - 68*g**3. Determine r(4).
-13
Let b(c) = -1. Let k(d) = -3*d - 2. Let y(o) = 4*b(o) - k(o). Give y(5).
13
Let g(r) be the second derivative of -r**5/20 + r**4/4 + 2*r**2 + 16*r. Suppose -2*a - 14 = -3*k - a, -4*k = -3*a - 27. Calculate g(k).
4
Let j(k) = -3*k**3 - 6*k**2 + 2*k - 6. Let t(p) = -p**2 + p**2 + 0*p - p**3 - 1 - p. Let b(r) = -j(r) + 4*t(r). Let w = 6 + -1. Determine b(w).
-3
Suppose 3*v - 5*v - 4 = 0. Let k(q) = -q - 1. Determine k(v).
1
Let i(j) = j**3 + 5*j**2 + 2*j + 1. Let x be (8/16)/((-1)/6). Give i(x).
13
Let z = 2 - 2. Let i be 2 - -2*(z - -1). Let d(p) = -p - i*p + 4*p. Give d(3).
-3
Let p(q) = -6*q**2 + 1. Let v = -26 + 26. Let i(d) = -2*d - 1. Let x be i(-1). Let b = x - v. Calculate p(b).
-5
Let v(m) = m - 7. Let u(w) be the first derivative of -w**3/3 + 3*w**2 - 3*w + 1. Let i be u(2). Determine v(i).
-2
Let n = -21 - -18. Let i be 2 - n/(1 + -4). Let z(h) = -8*h**2 + h. What is z(i)?
-7
Suppose -4 = -2*t - 2*t. Let p = 2 + t. Let d(q) be the first derivative of q**2/2 - 1. What is d(p)?
3
Let x(h) = -3*h**3 - 15*h**2 + 15*h - 27. Let j(y) = y**3 + 8*y**2 - 8*y + 13. Let i(c) = -5*j(c) - 2*x(c). What is i(9)?
-2
Let o(t) = -9*t**2 - 10*t + 4 + t**3 + 4 - 3 + 0. Determine o(10).
5
Let f be (-2 - (-2 + 4))/1. Let n = -1 + f. Let y(p) = p**2 + 5*p + 2. Determine y(n).
2
Let v(u) = -5*u**3 + u**2 - u + 1. Suppose 4 = 5*o + w, -4*w - 4 = -4*o + 4. Give v(o).
-4
Let y(r) = r**3 - 10*r**2 + 10*r - 4. Suppose 19 = -2*k + 37. What is y(k)?
5
Let u(v) = 3*v**2 + 4*v + 7. Let z(t) be the first derivative of 8*t**3/3 + 11*t**2/2 + 20*t - 6. Let w(h) = -11*u(h) + 4*z(h). What is w(4)?
-13
Let y(z) be the second derivative of z**3/6 - z**2/2 + 15*z. Suppose 3*j - u - 2*u - 9 = 0, -4*u = 20. Give y(j).
-3
Let p(v) = v**3 - 9*v**2 - 2*v + 4. Let j be 5/(-190)*4 - (-346)/38. Determine p(j).
-14
Let m(h) = -h**3 - h**2 - 13. Let g be m(0). Let v = 16 + g. Let z(i) = i - 4. Determine z(v).
-1
Let w be (-5)/(-4) + (-30)/(-40). Let j(v) be the first derivative of -5/2*v**w + 1/4*v**4 - 1 - 6*v - 4/3*v**3. What is j(5)?
-6
Let y(o) = -o**3 + 4. Let l = -18 - -18. Let j be y(l). Let k(q) = q**3 - 3*q**2 - q - 2. Calculate k(j).
10
Let y(z) = -2*z - 9. Let s be y(-7). Suppose 0 = -3*d + 5*o - 16, s*o - 7 = 4*d + 6. Let n(c) = 2 + c**2 + c**2 - 5*c - c**2. Calculate n(d).
-4
Let d(o) = -o**3 - o**2 - 4*o - 3. Let n(b) = -2*b**3 - 4*b - 3. Let c(a) = 3*d(a) - 2*n(a). What is c(4)?
-3
Suppose 0*f + 5*f + d + 20 = 0, 0 = -d. Let n = 4 + f. Let k(y) = -y**3 + y**2 - 4. Give k(n).
-4
Let q(y) = y**3 + 6*y**2 - y - 4. Let j be q(-6). Suppose -4*a + 4 = 5*m, j*a + 24 = 5*m + a. Let w(c) = c**3 - 5*c**2 + 4*c - 1. Calculate w(m).
-1
Let x = 10 - 16. Let d(l) = 15 + l - 35 + 22. Give d(x).
-4
Let k(b) = -4*b - 4 + 6 + 2*b**3 - 2*b**2 - b**3. Let f be (-6 - (-5 - -3)) + -2. Let a = -3 - f. Determine k(a).
-1
Let y(c) = 2*c - 64. Let p be y(35). Let r(j) = j - 10. Give r(p).
-4
Let l(t) = -t**2 + 5*t + 10. Let w be l(7). Let p(j) be the second derivative of j**5/20 + j**4/3 + 2*j**3/3 + 2*j**2 + 19*j. What is p(w)?
-12
Let d(j) be the third derivative of j**7/840 + j**6/180 - j**5/120 - j**4/12 - j**3/3 + 3*j**2. Let x(p) be the first derivative of d(p). Give x(-3).
-8
Let d(z) = -z**3 - 4*z**2 + 3*z - 6. Let o be d(-5). Let m be 1/o - 69/(-12). Let v(a) = a**3 - 5*a**2 - 4*a - 5. Determine v(m).
7
Let p(t) = -t**2 + 3*t + 3. Let w be 9/15 + 6/15. Let u = w - 2. Let y be 2 - u/(1/2). What is p(y)?
-1
Suppose 0 = -3*m - 20 + 11. Let g(b) = b**3 + 3*b**2 + b - 1. Calculate g(m).
-4
Let k = 10 + -6. Let w(n) = 4*n**2 - 3*n - 4*n**3 + 0*n**3 + 3*n**3 + k. Calculate w(3).
4
Let q be 3/((-15)/(-6) + -1). Let m be (1 + q/(-6))*3. Let w(p) = 0 - p - m + p**2 + 0*p. Calculate w(0).
-2
Let h = 10 + -6. Let o(p) = 2*p + 2*p - h - 3 - 5*p. What is o(0)?
-7
Suppose -4*u = 1 - 17. Suppose m - 26 = 2*y - u*m, 0 = -4*y - 3*m. Let i(o) = o**3 + 3*o**2 - 2*o + 3. What is i(y)?
9
Let k(j) be the second derivative of j**4/12 + 5*j**3/6 + j**2/2 + 10*j. Calculate k(-4).
-3
Let a = 4 - 5. Let w be a - (0 + 0) - 7. Let m be (1 - -2)/((-12)/w). Let s(l) = -l**3 + 3*l**2 - 3*l. What is s(m)?
-2
Let o(a) = 0*a + a + a**2 - 7*a**3 + 1 + 0*a**2. Calculate o(-1).
8
Let d(y) = -2*y + 2. Let f be 60/25 - 3/(-5). Give d(f).
-4
Let r(x) = x - 3. Let a be r(-3). Let p(d) = d**3 + 6*d**2 - d. Give p(a).
6
Let w be (-2)/(0 + -1 - 0). Let f(q) = -1 - 11 - q + w*q. Calculate f(5).
-7
Let n(h) = -h**3 + 4*h**2 + h. Let p be n(4). Suppose -3*b = -p*y - 13, -8*y - 20 = -3*y. Let l(a) = 6*a**2 + 1. Give l(b).
7
Let a = -49 - -54. Let u(s) = s**3 - 6*s**2 + 4*s + 5. Give u(a).
0
Let w(v) be the first derivative of -v**6/120 - v**5/30 + v**4/12 - v**3/6 - v**2 - 3. Let i(d) be the second derivative of w(d). Calculate i(-3).
2
Let n(c) = c**3 - 5*c + 5*c + 1 + 1 - c. Let x = 4 + -2. Calculate n(x).
8
Let a(v) = v + 3. Suppose -3*u = u. Calculate a(u).
3
Let s(m) = 4*m**3 + m**2 + m. Suppose 3*k = -4*f - 19, 4*k + 3 = 2*f + 3*k. Determine s(f).
-4
Let c(v) = 2*v - 11. Let j(n) = 3*n - 22. Let s(m) = 5*c(m) - 3*j(m). Let t be s(-7). Let i(p) = -6*p + 10 - 5 - 3 + p**2. Give i(t).
-6
Let i(m) = 2*m + 3. Let p be i(-3). Let n = 9 + -5. Let q(c) = -4*c - n*c + c**2 - 2*c**2 + 6*c + 2. Give q(p).
-1
Let v(i) = i**2 + 7*i. Let h be (-48)/8 + 0 + 3. Let d be (-1)/((-6)/8)*h. Calculate v(d).
-12
Let n(w) be the first derivative of w**4/4 - 5*w**3/3 - 7*w**2/2 + 4*w + 5. Let i = 18 - -1. Let r = i + -13. Calculate n(r).
-2
Suppose 4*j = -j - 25. Suppose n = -4*n + 15. Let i(m) = 5*m - 1. Let b(s) = -4*s + 1. Let u(x) = n*i(x) + 4*b(x). Calculate u(j).
6
Let l(k) = k - 1. Let r(g) = 6*g**2 - 8*g + 5. Let j(o) = -6*l(o) - r(o). Suppose -v = -3 + 4. Calculate j(v).
-7
Suppose 0 = -3*h + 6*h - 2*w - 12, -h + 4*w = 6. Let a(i) = i + 2. Give a(h).
8
Let r = -9 + 3. Let u(k) = -k - 7. Calculate u(r).
-1
Suppose 20 = -3*x - 4*h, -10 = h + h. Let a(p) = -p**2 + x*p**2 + p + 6 - 5*p. Determine a(-6).
-6
Let g(f) = 11*f - 10*f + 4*f**2 - 6*f + 3*f**2 - 4*f**3 +